is divided by g(28).
21
Suppose -3*d - 9*d + 1998 = 6*d. Calculate the remainder when d is divided by 6.
3
Let i(j) = -32*j + 86. Let y be i(-12). Suppose 2*k = 4*o + y, -4*k + 5*o = -691 - 261. What is the remainder when k is divided by 35?
33
Suppose -106*w + 109*w - 111 = 0. Calculate the remainder when 182 is divided by w.
34
Let b(o) = 13*o + 5. Calculate the remainder when b(6) is divided by (11 + -9)/(12/30).
3
Let d(i) = i**3 + 2*i**2 + i - 2. Suppose 3*s + 6 = -12. Let m be d(s). Let x = -65 - m. Calculate the remainder when x is divided by 22.
21
Let k = 140 - 144. Suppose -2*l = -4*s + 18, 3*s + 4*l + l - 20 = 0. What is the remainder when (20 - 16) + k/(-1) is divided by s?
3
Let t = 46141 - 45732. Calculate the remainder when t is divided by 373.
36
Let m(j) = -5*j**2 - 83*j - 43. Let f be m(-19). Let b = -246 - f. What is the remainder when 72 is divided by b?
22
Calculate the remainder when ((-688)/4)/(224/(-1008)) is divided by 35.
4
Suppose 24*i = 18*i + 78. What is the remainder when 1299 is divided by i?
12
Let n(l) = 17*l**2 - 261*l - 1156. Let y = -28 - -61. Calculate the remainder when n(-4) is divided by y.
28
Let d be 2/1*(5 - 6). Let t be (-36)/54*3/2*d. Suppose 7*y = -3*f + 2*y + 5, -y = t. Calculate the remainder when 17 is divided by f.
2
Suppose 73 = 6*t - 845. Suppose 0*h = -h + 2*v + t, -4*h + 612 = v. What is the remainder when h is divided by 26?
23
Let y be ((-120)/16 - -6)/(6/(-28)). Suppose 25*a - y*a = 36. What is the remainder when 23 is divided by a?
1
Let t(a) = 54*a + 8. Let n be t(1). Suppose n*h = 64*h - 4. Suppose 0 = -3*i - 12, h*p + 16 = 5*p + 5*i. Calculate the remainder when p is divided by 10.
2
Let x = 1709 + -1206. What is the remainder when 1026 is divided by x?
20
Suppose 2*d + 1622 - 4469 = -5*r, d + 5*r - 1416 = 0. Calculate the remainder when d is divided by 473.
12
Let m be (-12)/4 + 5 - -174. Let a = m - 126. What is the remainder when a is divided by 20?
10
Suppose 37*l - 48*l = -1518. Let x = 79 + -42. What is the remainder when l is divided by x?
27
Let y = -33091 - -34303. Calculate the remainder when y is divided by 404.
0
Let g = 5788 + -5677. What is the remainder when 169 is divided by g?
58
Suppose 302*p + 304*p = 617*p - 638. Let t = -59 - -464. Calculate the remainder when t is divided by p.
57
Let s(a) = -162*a - 934. What is the remainder when 122 is divided by s(-6)?
8
Suppose -k + 14 = -3*s - 0*s, -2*k + 10 = -3*s. What is the remainder when -1 - (-1)/(s/(-252)) is divided by 22?
19
What is the remainder when 533 is divided by (2/(-4))/(60/264)*(-22 - 13)?
71
Suppose 5*i = -i + 36. Let n = -28 + 36. Suppose n = 2*g - 4. Calculate the remainder when i is divided by g.
0
Suppose 0 = -3*i - 1 - 2, -5*i = n - 314. Let p(h) = -331*h - 970. What is the remainder when n is divided by p(-3)?
20
Let g(u) = -u**2 - 22*u - 7. Let i be g(-14). Suppose 20 = i*j - 103*j. Calculate the remainder when j is divided by 9.
1
Suppose 0 = q - 4*q + 9. Suppose q*k = -k + 48. Let y = -1808 - -1813. What is the remainder when k is divided by y?
2
Let y(b) = 57*b + 268. Let j be y(-20). Let v = 899 + j. Calculate the remainder when 132 is divided by v.
24
Let a = -291 + 120. Let c = 432 + a. Suppose c + 99 = 8*v. Calculate the remainder when v is divided by 16.
13
Let x(o) = 18*o**2 + 556*o - 29. Calculate the remainder when x(-34) is divided by 20.
15
What is the remainder when 34/(-5)*(-591 - -236) is divided by 801?
11
Let y = 3670 - 3665. What is the remainder when 187 is divided by y?
2
Suppose 16*q = 12*q - 28. Let h be 0 + 110/q - 36/126. What is the remainder when 6 is divided by 2 - (h/4)/4?
0
Let p(c) = 109*c + 862. What is the remainder when 586 is divided by p(-6)?
170
Suppose -5*i + 3*i - 151 = -3*b, -2*b = 4*i - 90. Suppose b*a - 58 = 48*a. Calculate the remainder when 164 is divided by a.
48
Let b = 1088 - 297. Calculate the remainder when b is divided by 257.
20
Let i be ((-3)/6)/(1/(-204)). Calculate the remainder when 133 is divided by 1/(414/i - 4).
14
Let l(d) = -10*d + 26. Suppose 0 = 8*a + 13 - 13. What is the remainder when 72 is divided by l(a)?
20
Let d be (-9)/(-3) + (-7)/7. Suppose 0 = -2*i + 3*k + 114, -2*i - 5*k = i - 190. Suppose 6*g - i = d*g. What is the remainder when 70 is divided by g?
10
Let v(m) = -4*m + 3*m - 15 + 4*m. Suppose 127*g - 1608 = -7*g. Calculate the remainder when 61 is divided by v(g).
19
Let l(g) = 4*g**2 - 189*g + 1800. Let n(m) = 29*m + 1. What is the remainder when l(35) is divided by n(1)?
25
Let m(f) = 4*f**2 - 41*f + 137. What is the remainder when m(26) is divided by 44?
15
Suppose t = -5*g + 497, 288 = 3*g - 25*t + 29*t. Calculate the remainder when g is divided by 40.
20
Let g be (-3)/1*-1*(-110)/(-6). Calculate the remainder when 49 is divided by (-4)/1 + (68 - g).
4
Suppose -2*g - 6 = 0, g + 6 = -2*z + 105. Calculate the remainder when 188 is divided by z.
35
Let q = 25 - 20. Suppose 4*j - 190 = -5*m + 3*m, -230 = -q*j - m. What is the remainder when j is divided by 29?
16
Suppose 4*y + d = 8556, -d + 3134 = 3*y - 3285. Calculate the remainder when y is divided by 34.
29
Let x be (9/6)/(9 - (-1590)/(-176)). What is the remainder when 238 is divided by ((x/(-33))/((-2)/(-66)))/2?
18
Let i be ((-14)/56)/(1/(-52)). Suppose i*y = 11*y + 12. Calculate the remainder when 520 is divided by y.
4
Calculate the remainder when 58 is divided by (-12)/14*4914/(-162).
6
Let m(b) = -6*b - 47. Let d be m(-4). Calculate the remainder when d/(-2) - 16/32 is divided by 2.
1
Suppose -170*z + 35*z = -1081350. What is the remainder when z is divided by 3?
0
Suppose -t + g = -8, 86 = -2*g + 92. Calculate the remainder when 4648 is divided by t.
6
Let v = -501 - -516. Let u = -90 - -172. Suppose -u = -z - z. Calculate the remainder when z is divided by v.
11
Suppose 28 = 3*t - 29. Let h = -52 + 96. Calculate the remainder when t is divided by h*(-2 + (-45)/(-20)).
8
Suppose 5*a + 4*u = 167, 2*a - 2*u - 121 + 47 = 0. Suppose 0 = -3*p + 4*o + 64 + 215, 2*o - 6 = 0. What is the remainder when p is divided by a?
27
Let g = -46 - -68. Suppose 16*r + 0*r - 795 = 1973. What is the remainder when r is divided by g?
19
Suppose 3375 - 3870 = -45*i. Calculate the remainder when 467 is divided by i.
5
Let m = -1339 - -1347. Let u = 145 + -42. What is the remainder when u is divided by m?
7
Let c = -118 - -74. Let y = 47 + c. Suppose -3*u + 9 = 0, y*f - 1031 + 164 = 4*u. Calculate the remainder when f is divided by 59.
57
Let l(c) = 8*c**2 + 7*c - 1. Let t be l(-1). Suppose 60*i - 51*i - 360 = t. Calculate the remainder when 159 is divided by i.
39
Let m = -19 - -24. Let j(t) = -m + 48*t + 1 + 6. Calculate the remainder when j(2) is divided by 33.
32
What is the remainder when 348/48*-446*(-4 - -2) is divided by 166?
159
Let k be (-6)/(-24)*117*(-280)/15. Let m = k + 561. What is the remainder when 179 is divided by m?
14
Let y = 57 - 44. Let g(n) be the first derivative of 2*n**2 - 25*n - 3. Calculate the remainder when 52 is divided by g(y).
25
Let x(k) = -173*k - 1774. Calculate the remainder when 2579 is divided by x(-11).
128
Let m(i) = -i**3 - 2*i**2 + 11*i + 24. Let o be m(-4). What is the remainder when 6 is divided by ((o/(-7))/(-1))/((-4)/(-14))?
0
Let k = -12 + 185. Suppose 2*b - 27 - 61 = 0. What is the remainder when k is divided by b?
41
Let m(j) = 7*j - 52. Let l = -103 + 121. What is the remainder when m(l) is divided by (-5)/(-25) + (-248)/(-10)?
24
Suppose 4*j - 45 = -3*i, -j = 5*i - 4*j - 46. Suppose 0 = -0*a - 2*a + 2, n - 2*a = i. What is the remainder when n is divided by 10?
3
Suppose g + 0*g + 2*s - 488 = 0, 4*g = 4*s + 2000. Suppose -g = -62*z - 0*z. Let h = 4 + -1. What is the remainder when z is divided by h?
2
Let i(h) = h**3 - 4*h**2 + 2*h - 1. Let v be i(2). Let l(d) = 6 + 5*d - 3 - 3*d + 3*d + d**2 + 3. Calculate the remainder when l(v) is divided by 3.
0
Let f = -93 - -171. Let p = f + 18. Suppose -p = -14*a + 6*a. Calculate the remainder when a is divided by 5.
2
Suppose -z + 2*n = -52, 5*z + 4*n - 218 = -0*z. What is the remainder when z is divided by 2/(66/(-18) + 4)?
4
Let d(n) = 51*n**2 + 16*n - 17. Let t = -328 + 329. Let u(q) = -q**2 + 13. What is the remainder when d(t) is divided by u(0)?
11
Suppose 5*s - 2*n = 347, -1 = -5*n